4)/(-4). Suppose m*g + 20 = x*c + g, 0 = -2*c - 5*g + 2. What is the units digit of c?
6
Let p = 2 + -1. What is the units digit of p/(3/24) - -3?
1
Let a = 10 - 6. Suppose -m = -13 + a. What is the units digit of m?
9
Let z be 3*2*(-2)/(-6). Suppose v + 20 = z*c - 29, -2*c = 4*v - 74. Let j = 38 - c. What is the tens digit of j?
1
Let c be -26*(-2)/4*-1. Let h(a) = a + 15. Let z be h(c). Suppose -6*p + 37 = -p + z*u, -p + 4*u = -25. What is the units digit of p?
9
Suppose 10 = -2*k - 12. Let g(c) = -2*c - 6. What is the units digit of g(k)?
6
Let y(a) = -a**3 + 15*a**2 + 2*a - 2. What is the tens digit of y(15)?
2
Suppose 4*s - 29 - 7 = 0. Let c be 1/((1 - -2)/s). What is the units digit of c + 2*2/4?
4
Suppose -5*y - 5*p = -225, -5*y - 79 + 304 = -3*p. What is the units digit of y?
5
Let i(l) = -3*l**2 - l + 27. Let z(p) = -p**2. Let b(o) = i(o) - 2*z(o). What is the tens digit of b(0)?
2
Let b(h) = 4*h**2 + 2*h + 1. Let i be b(-1). Suppose -5*y + 4*j = 4, j = 3*y - i*j + 4. Let k(l) = -l + 7. What is the units digit of k(y)?
7
Suppose 2*u + 2*r + 3 = 5, -4*u = -3*r - 4. Suppose -j = -z - 6, 5*z + u = -j - 5. What is the units digit of j?
4
Suppose -3*v + 10 + 47 = 0. Let s = 10 - v. What is the units digit of 0 + ((-3)/3 - s)?
8
Let q = -6 - -3. Let z(s) = s**3 + 3*s**2 - 2*s - 4. What is the units digit of z(q)?
2
Suppose -6*v + v = -120. What is the tens digit of v?
2
Let r be (-4)/14 + (-79)/(-7). Suppose j - 4 - r = 0. Let m = j - 7. What is the units digit of m?
8
Suppose 4*m + 4*z + 4 = 0, 0*m - 4 = m + 4*z. Let v be 1*(-1 + 0 + 8). What is the units digit of m + 2 + (v - 2)?
7
Let m be (-30 - -1) + (-5 - -6). Let y = -47 - m. Let o = y - -27. What is the units digit of o?
8
Let z(a) = 0*a - 5*a + 1 - a**2 + 3. Suppose q + 5*c - 10 = -q, -2*c = -4*q - 28. What is the units digit of z(q)?
4
Suppose -11 = g - 45. What is the tens digit of g?
3
Suppose 15 + 0 = 4*n - 3*f, 0 = 2*f + 10. Suppose -3*c + 5 + 4 = n. Suppose 0 = -c*g + 4*g - 13. What is the tens digit of g?
1
Let z(u) = 6*u**3 - u**2 + 1. Let d = -4 - -5. What is the units digit of z(d)?
6
Suppose -2*z + 4*k + 80 = 0, k - 109 = -3*z - 24. What is the units digit of z?
0
Let f = -13 + 19. What is the units digit of (4/f)/((-1)/(-15))?
0
Let o be ((-6)/(-18))/(1/6). Let j = 3 + -10. What is the units digit of 30/7 + o/j?
4
What is the tens digit of (-182)/(-42)*(2 + 1)?
1
Suppose 60 - 9 = 3*s. Suppose 1 = -4*j - 4*c + s, 5*j = -c + 36. What is the units digit of j?
8
What is the tens digit of 2*111/6 + 0?
3
Suppose 0 = -3*n - 0*n. Suppose 4*k - 4 = -n. Let z = k - -9. What is the tens digit of z?
1
Suppose -13 = -3*k - 61. Let z be -2*(-1)/2 - -23. Let n = z + k. What is the units digit of n?
8
Let x be 0/((2 - 4) + 3). Suppose x = 5*l - 4 + 29, 5*l = g - 16. What is the units digit of (-102)/g - (-3)/(-9)?
1
Let s be 15*(40/12 + -3). Suppose -c = a - 28, 0 = 4*c + s*a - 171 + 59. What is the units digit of c?
8
Suppose 5*x - 3*n - 73 = 0, 2*n + 30 = -3*x + 5*x. What is the units digit of x?
4
Suppose -3*r - 13 = -2*g - 2, r = -3. What is the units digit of g?
1
Suppose -5*g - 310 = -10*g. What is the tens digit of g?
6
Let d = 0 - 0. Suppose 2*n - 5*n - 2*v + 5 = d, 5 = 5*n + 5*v. What is the units digit of n?
3
Let b = 35 - 15. What is the tens digit of b?
2
Suppose 3*h - 3*v = -18, 0 = 2*h + 2*h - v + 12. What is the units digit of 6 + h/(8/12)?
3
Let u(a) be the first derivative of -a**2/2 - 4*a + 1. Let p be u(-8). Suppose p*x - 24 = x. What is the units digit of x?
8
Suppose -8*f = -11*f. Suppose 5*k + 3*a - 5*a - 25 = f, 20 = 4*k + 2*a. What is the units digit of k?
5
Let w = 2 - 0. Let m be (-2 - -2)*(w - 1). Suppose -2*i + 6*i - 56 = m. What is the units digit of i?
4
Suppose -4*o = -i - 9*o + 90, -2*i + 148 = 2*o. What is the tens digit of i?
7
Suppose 7*j = 12*j - 715. What is the units digit of j?
3
Suppose 0 = -s - j + 1, -9 = -4*s + j + 5. What is the units digit of s?
3
Let g(r) = -2*r - 4. Let s be g(-6). Suppose 0 = -q + 5*p - s, 2*q - 20 = p. What is the tens digit of q?
1
Let i be 3/(-2)*(-14)/(-21). Suppose -v + 2*v + 15 = 0. What is the units digit of (v/(-21) + i)*-7?
2
Let f(t) = 4*t**2 - 4*t - 7. Let w(r) = -5*r**2 + 3*r + 8. Let v(n) = -6*f(n) - 5*w(n). What is the units digit of v(-13)?
4
Suppose 2*s + 2 = 3*a, -s - 1 = -0. Let y(j) = -j**2 - j. Let l be y(a). Suppose -2*z + z + 8 = l. What is the units digit of z?
8
Let m(p) be the first derivative of -p**3/3 + p**2/2 + 8*p + 2. Let j be m(0). What is the units digit of (44/(-6))/(j/(-12))?
1
What is the units digit of (-1)/(3/(1284/(-1714)) + 4)?
4
Suppose -p - 19 = -3*j, -4*p + 0*j + 5*j - 41 = 0. Let w = p + 23. What is the tens digit of w?
1
Suppose -13*z = -9*z - 128. What is the tens digit of z?
3
Let s = 1 + 13. Let t be (-4)/(-2)*(1 - -2). Let v = s - t. What is the units digit of v?
8
Suppose -f + 17 = 2*i, -22 = -5*f - 7. What is the units digit of i?
7
Let p = 5 - 8. Let c(f) = f**2 + 3*f + 3. Let g be c(p). Suppose 4*i - 36 = -g*m, -5*i + i + 44 = 4*m. What is the units digit of m?
8
Let m(a) = 38*a - 14. What is the hundreds digit of m(8)?
2
Let x = 719 + -398. What is the tens digit of x?
2
Let l be 1*-123 + 1 + 0. Let s be (-2)/7 + l/14. What is the units digit of (-12)/s*(3 - -3)?
8
Let j(s) = 10*s + 46. What is the units digit of j(6)?
6
Let h(x) = 2*x**2 - 3*x - 4. Let c be h(3). Suppose -c*v + 4 = -3*v. What is the units digit of v?
2
Let z(m) = -m**3 + 14*m**2 - 10*m - 7. Let v(k) = k**3 - 15*k**2 + 11*k + 6. Let b(r) = 3*v(r) + 4*z(r). What is the units digit of b(10)?
0
Let v(p) = 4*p - 2*p + 3*p + 6. Let o be v(7). Suppose -7*g - 3*i + o = -2*g, 3*g - i = 19. What is the units digit of g?
7
Let r(c) = 2*c**2 - 12*c - 59. What is the units digit of r(-6)?
5
Let v(z) = -z**3 - z - 1. Let l(u) = 2*u**3 - u**2 + 3*u - 1. Let r(i) = -l(i) - 3*v(i). What is the units digit of r(0)?
4
Let q(d) = 2*d**2 - 3*d - 3. Let z be q(3). Suppose -75 = f - z*f. What is the units digit of f?
5
Suppose 3 = -3*v + 15. Suppose 2*j + 46 = 6*j + 2*o, -v*j + o + 61 = 0. What is the units digit of j?
4
Let z be 3 + -2*(-2)/4. Suppose -4*t + 8 = -v, z = -2*t + 4*t - 5*v. Suppose u = 3*u - t. What is the units digit of u?
1
Let x = 275 - 163. What is the tens digit of x?
1
Let i = -1 + 9. Suppose 3*c = 5*x - 27, -3*x + 32 = x - 5*c. Let p = i - x. What is the units digit of p?
5
Let l(h) = 2*h**2 + 19*h + 1. What is the tens digit of l(-13)?
9
Suppose -5*r + 7 = -18. Suppose -4*k + 3*h = -0*h - 6, 3*k - 2*h = r. Suppose -k = m - 5. What is the units digit of m?
2
Let k = 38 + -18. What is the tens digit of k?
2
Let b = -8 + 8. Suppose l = 2*j, 5*j + b*l = -l + 14. Suppose 3*u - 12 = 3*y, 3*y - 6 = j*u - u. What is the units digit of u?
9
Let h be (-24)/36*(-1 + -83). Suppose -5*z + 3*i + 82 = 0, 3*z + 4*i - h = -1. What is the tens digit of z?
1
Suppose 4*p - 7 = 5. Suppose 0 = 5*a - p*a - 34. What is the units digit of a?
7
Let t(j) = j**3 - 2*j**2 - j + 1. Let w(r) = r**3 + 5*r**2 - 7*r - 3. Suppose 21 = -4*k - 3*b, -4 + 2 = -2*b. Let u be w(k). What is the units digit of t(u)?
7
Let n = -49 - -112. Suppose -5*b + 4*h + 125 = 0, 0 = 5*b + 4*h - 22 - n. What is the tens digit of b?
2
What is the hundreds digit of 2704/7 + 185/(-35) + 5?
3
Suppose -6*v = -3*v. Suppose 3*q + 4*f + v*f - 3 = 0, -q + 20 = -5*f. What is the units digit of q/15*(-1 + 16)?
5
Let a(f) = 7*f + 12. What is the units digit of a(15)?
7
Let q(f) = -f**3 - 5*f**2 - 5*f - 2. Suppose 16 = -y - 3*y. Let w be q(y). Suppose 39 = 4*v + 5*s, 4*v - w*s = 3*v + 13. What is the units digit of v?
1
Suppose 6*o - 76 = 4*o. What is the units digit of o?
8
Suppose 0 = -2*s + 10, 119 + 71 = 5*r + 4*s. What is the units digit of r?
4
Suppose 0 = -f + 4*f - 33. What is the tens digit of f?
1
Suppose 3*o + 12 = 0, g - 119 = -2*o + o. What is the hundreds digit of g?
1
What is the units digit of (-78)/(-4) - 6/(-4)?
1
Let v(l) = 12*l**2 - 3*l. Let w(u) = -11*u**2 + 2*u. Let y(k) = -3*v(k) - 4*w(k). What is the units digit of y(1)?
9
Let c(j) = j**2 + j + 19. Let v be c(0). Let h = 35 - v. What is the tens digit of h?
1
Let q(y) = 11*y - 3. Let i(k) = -k**3 - 9*k**2 + 10*k + 2. Let t be i(-10). What is the tens digit of q(t)?
1
Suppose -42 = n - 363. 